.
47143
List the prime factors of 2342.
2, 1171
List the prime factors of 3834.
2, 3, 71
List the prime factors of 980.
2, 5, 7
What are the prime factors of 1503?
3, 167
What are the prime factors of 352?
2, 11
What are the prime factors of 1702?
2, 23, 37
What are the prime factors of 6683?
41, 163
List the prime factors of 5360.
2, 5, 67
What are the prime factors of 108059?
7, 43, 359
List the prime factors of 13680.
2, 3, 5, 19
What are the prime factors of 59092?
2, 11, 17, 79
What are the prime factors of 25912?
2, 41, 79
What are the prime factors of 42?
2, 3, 7
What are the prime factors of 18786?
2, 3, 31, 101
List the prime factors of 30230.
2, 5, 3023
List the prime factors of 1838.
2, 919
List the prime factors of 18769.
137
What are the prime factors of 598?
2, 13, 23
List the prime factors of 354.
2, 3, 59
What are the prime factors of 1899?
3, 211
List the prime factors of 1717.
17, 101
What are the prime factors of 107696?
2, 53, 127
List the prime factors of 9579.
3, 31, 103
List the prime factors of 41621.
41621
What are the prime factors of 3153?
3, 1051
What are the prime factors of 14404?
2, 13, 277
List the prime factors of 2922.
2, 3, 487
What are the prime factors of 40302?
2, 3, 2239
What are the prime factors of 10681?
11, 971
What are the prime factors of 1264?
2, 79
List the prime factors of 2882.
2, 11, 131
List the prime factors of 1325.
5, 53
List the prime factors of 1001.
7, 11, 13
List the prime factors of 19667.
71, 277
What are the prime factors of 1432?
2, 179
What are the prime factors of 16061?
16061
What are the prime factors of 2170?
2, 5, 7, 31
What are the prime factors of 6873?
3, 29, 79
List the prime factors of 6048.
2, 3, 7
List the prime factors of 13518.
2, 3, 751
What are the prime factors of 397?
397
List the prime factors of 2716.
2, 7, 97
What are the prime factors of 14923?
14923
What are the prime factors of 61844?
2, 15461
List the prime factors of 38522.
2, 11, 17, 103
List the prime factors of 285.
3, 5, 19
List the prime factors of 6531.
3, 7, 311
List the prime factors of 2693.
2693
List the prime factors of 5622.
2, 3, 937
List the prime factors of 31291.
13, 29, 83
What are the prime factors of 17398?
2, 8699
What are the prime factors of 95115?
3, 5, 17, 373
What are the prime factors of 66566?
2, 83, 401
List the prime factors of 933.
3, 311
List the prime factors of 31309.
131, 239
List the prime factors of 122286.
2, 3, 89, 229
List the prime factors of 45667.
45667
List the prime factors of 860.
2, 5, 43
List the prime factors of 91.
7, 13
What are the prime factors of 39214?
2, 7, 2801
What are the prime factors of 26313?
3, 7, 179
List the prime factors of 2764.
2, 691
What are the prime factors of 11172?
2, 3, 7, 19
List the prime factors of 949.
13, 73
What are the prime factors of 7925?
5, 317
List the prime factors of 1513.
17, 89
List the prime factors of 172348.
2, 11, 3917
What are the prime factors of 26343?
3, 2927
What are the prime factors of 4305?
3, 5, 7, 41
What are the prime factors of 19627?
19, 1033
List the prime factors of 5750.
2, 5, 23
What are the prime factors of 8245?
5, 17, 97
What are the prime factors of 36814?
2, 79, 233
What are the prime factors of 33349?
33349
List the prime factors of 945.
3, 5, 7
List the prime factors of 32104.
2, 4013
List the prime factors of 139698.
2, 3, 13, 199
What are the prime factors of 1321?
1321
List the prime factors of 58944.
2, 3, 307
List the prime factors of 15206.
2, 7603
List the prime factors of 20488.
2, 13, 197
List the prime factors of 66081.
3, 22027
What are the prime factors of 7809?
3, 19, 137
What are the prime factors of 893?
19, 47
What are the prime factors of 9874?
2, 4937
What are the prime factors of 54570?
2, 3, 5, 17, 107
List the prime factors of 342.
2, 3, 19
List the prime factors of 18596.
2, 4649
What are the prime factors of 8774?
2, 41, 107
What are the prime factors of 1039?
1039
What are the prime factors of 1502?
2, 751
List the prime factors of 88026.
2, 3, 17, 863
List the prime factors of 166512.
2, 3, 3469
What are the prime factors of 50647?
50647
List the prime factors of 1983.
3, 661
List the prime factors of 3224.
2, 13, 31
List the prime factors of 155172.
2, 3, 67, 193
List the prime factors of 5451.
3, 23, 79
List the prime factors of 48151.
179, 269
What are the prime factors of 1353?
3, 11, 41
List the prime factors of 793.
13, 61
List the prime factors of 1360.
2, 5, 17
What are the prime factors of 23326?
2, 107, 109
List the prime factors of 722.
2, 19
List the prime factors of 4857.
3, 1619
What are the prime factors of 5234?
2, 2617
What are the prime factors of 15917?
11, 1447
List the prime factors of 4428.
2, 3, 41
What are the prime factors of 1706?
2, 853
List the prime factors of 548.
2, 137
List the prime factors of 33381.
3, 3709
What are the prime factors of 2774?
2, 19, 73
List the prime factors of 5003.
5003
List the prime factors of 1117.
1117
What are the prime factors of 3878?
2, 7, 277
List the prime factors of 802.
2, 401
List the prime factors of 18875.
5, 151
List the prime factors of 8567.
13, 659
List the prime factors of 14504.
2, 7, 37
What are the prime factors of 5205?
3, 5, 347
What are the prime factors of 165025?
5, 7, 23, 41
List the prime factors of 7748.
2, 13, 149
List the prime factors of 3044.
2, 761
List the prime factors of 1733.
1733
What are the prime factors of 333?
3, 37
List the prime factors of 25479.
3, 19, 149
What are the prime factors of 13976?
2, 1747
List the prime factors of 72.
2, 3
What are the prime factors of 79827?
3, 11, 41, 59
What are the prime factors of 3320?
2, 5, 83
List the prime factors of 2186.
2, 1093
List the prime factors of 1916.
2, 479
List the prime factors of 3191.
3191
What are the prime factors of 17100?
2, 3, 5, 19
What are the prime factors of 43343?
89, 487
What are the prime factors of 85500?
2, 3, 5, 19
List the prime factors of 42293.
42293
What are the prime factors of 2890?
2, 5, 17
List the prime factors of 284.
2, 71
What are the prime factors of 2004?
2, 3, 167
What are the prime factors of 165577?
23, 313
List the prime factors of 9090.
2, 3, 5, 101
List the prime factors of 24513.
3, 8171
List the prime factors of 2022.
2, 3, 337
List the prime factors of 19525.
5, 11, 71
What are the prime factors of 357?
3, 7, 17
What are the prime factors of 3764?
2, 941
What are the prime factors of 104923?
7, 13, 1153
List the prime factors of 17739.
3, 73
What are the prime factors of 312?
2, 3, 13
List the prime factors of 2400.
2, 3, 5
List the prime factors of 73683.
3, 2729
What are the prime factors of 1158?
2, 3, 193
List the prime factors of 2339.
2339
What are the prime factors of 29651?
149, 199
List the prime factors of 31399.
17, 1847
What are the prime factors of 30092?
2, 7523
What are the prime factors of 88?
2, 11
What are the prime factors of 555?
3, 5, 37
What are the prime factors of 515?
5, 103
List the prime factors of 11397.
3, 29, 131
List the prime factors of 79.
79
List the prime factors of 4995.
3, 5, 37
List the prime factors of 132.
2, 3, 11
List the prime factors of 78505.
5, 7, 2243
List the prime factors of 58599.
3, 17, 383
List the prime factors of 75920.
2, 5, 13, 73
List the prime factors of 8751.
3, 2917
List the prime factors of 174749.
174749
What are the prime factors of 89634?
2, 3, 14939
List the prime factors of 678.
2, 3, 113
What are the prime factors of 12797?
67, 191
List the prime factors of 6547.
6547
What are the prime factors of 39423?
3, 17, 773
What are the prime factors of 3367?
7, 13, 37
What are the prime factors of 1864?
2, 233
List the prime factors of 31014.
2, 3, 1723
List the prime factors of 196.
2, 7
What are the prime factors of 1106?
2, 7, 79
List the prime factors of 2141.
2141
List the prime factors of 37339.
37339
List the prime factors of 680.
2, 5, 17
What are the prime factors of 8998?
2, 11, 409
List the prime factors of 754.
2, 13, 29
List the prime factors of 7471.
31, 241
List the prime factors of 2872.
2, 359
What are the prime factors of 6054?
2, 3, 1009
List the prime factors of 22150.
2, 5, 443
What are the prime factors of 11126?
2, 5563
List the prime factors of 36082.
2, 18041
What are the prime factors of 